{"id":13,"date":"2022-07-13T13:15:28","date_gmt":"2022-07-13T13:15:28","guid":{"rendered":"https:\/\/www.chatavodopad.sk\/?page_id=13"},"modified":"2022-07-13T13:40:17","modified_gmt":"2022-07-13T13:40:17","slug":"kontakt","status":"publish","type":"page","link":"https:\/\/www.chatavodopad.sk\/?page_id=13","title":{"rendered":"Kontakt"},"content":{"rendered":"<p align=\"left\"><span style=\"color: #000000;\"><span style=\"font-family: Liberation Serif;\"><span style=\"font-size: medium;\">Kontaktujte n\u00e1s:<\/span><\/span><\/span><\/p>\n<p align=\"left\">Chata Vodop\u00e1d<br \/>\n<span style=\"color: #000000;\"><span style=\"font-family: Liberation Serif;\"><span style=\"font-size: medium;\">038 54, \u0160\u00fatovo<\/span><\/span><\/span><\/p>\n<p align=\"left\">Tel:<br \/>\n<span style=\"color: #000000;\"><span style=\"font-family: Liberation Serif;\"><span style=\"font-size: medium;\">+421 902 120 109<br \/>\n<\/span><\/span><\/span><span style=\"color: #000000;\"><span style=\"font-family: Liberation Serif;\"><span style=\"font-size: medium;\">+421 904 232 287<\/span><\/span><\/span><\/p>\n<p align=\"left\">E-mail:<br \/>\n<a href=\"mailto:goral.chatavodopad@gmail.com\"><span style=\"color: #000000;\"><span style=\"font-family: Liberation Serif;\"><span style=\"font-size: medium;\">goral.chatavodopad@gmail.com<\/span><\/span><\/span><\/a><\/p>\n<p align=\"left\">\n","protected":false},"excerpt":{"rendered":"<p>Kontaktujte n\u00e1s: Chata Vodop\u00e1d 038 54, \u0160\u00fatovo Tel: +421 902 120 109 +421 904 232 287 E-mail: goral.chatavodopad@gmail.com<\/p>\n","protected":false},"author":1,"featured_media":30,"parent":0,"menu_order":0,"comment_status":"closed","ping_status":"closed","template":"","meta":{"_monsterinsights_skip_tracking":false,"_monsterinsights_sitenote_active":false,"_monsterinsights_sitenote_note":"","_monsterinsights_sitenote_category":0,"footnotes":""},"class_list":["post-13","page","type-page","status-publish","has-post-thumbnail","hentry"],"_links":{"self":[{"href":"https:\/\/www.chatavodopad.sk\/index.php?rest_route=\/wp\/v2\/pages\/13"}],"collection":[{"href":"https:\/\/www.chatavodopad.sk\/index.php?rest_route=\/wp\/v2\/pages"}],"about":[{"href":"https:\/\/www.chatavodopad.sk\/index.php?rest_route=\/wp\/v2\/types\/page"}],"author":[{"embeddable":true,"href":"https:\/\/www.chatavodopad.sk\/index.php?rest_route=\/wp\/v2\/users\/1"}],"replies":[{"embeddable":true,"href":"https:\/\/www.chatavodopad.sk\/index.php?rest_route=%2Fwp%2Fv2%2Fcomments&post=13"}],"version-history":[{"count":1,"href":"https:\/\/www.chatavodopad.sk\/index.php?rest_route=\/wp\/v2\/pages\/13\/revisions"}],"predecessor-version":[{"id":16,"href":"https:\/\/www.chatavodopad.sk\/index.php?rest_route=\/wp\/v2\/pages\/13\/revisions\/16"}],"wp:featuredmedia":[{"embeddable":true,"href":"https:\/\/www.chatavodopad.sk\/index.php?rest_route=\/wp\/v2\/media\/30"}],"wp:attachment":[{"href":"https:\/\/www.chatavodopad.sk\/index.php?rest_route=%2Fwp%2Fv2%2Fmedia&parent=13"}],"curies":[{"name":"wp","href":"https:\/\/api.w.org\/{rel}","templated":true}]}}